{"id":152226,"date":"2025-10-07T13:19:59","date_gmt":"2025-10-07T13:19:59","guid":{"rendered":"https:\/\/www.bluehost.com\/blog\/redaktionelle-richtlinien-fuer-blogs\/"},"modified":"2025-08-29T18:37:49","modified_gmt":"2025-08-29T18:37:49","slug":"blog-redaktionsrichtlinien","status":"publish","type":"page","link":"https:\/\/www.bluehost.com\/blog\/de\/blog-redaktionsrichtlinien\/","title":{"rendered":"Blog-Redaktionsrichtlinien"},"content":{"rendered":"\n<h2 class=\"wp-block-heading\"><strong>Blog-Redaktionsrichtlinien<\/strong><\/h2>\n\n<p>Bei Bluehost steht Ihre Online-Pr\u00e4senz an erster Stelle. Deshalb sind wir transparent, was unsere Produkte und Dienstleistungen angeht, und halten uns an redaktionelle Richtlinien, die Integrit\u00e4t gew\u00e4hrleisten. Wir tun dies, um sicherzustellen, dass Sie unsere Tools, Dienstleistungen und Ratschl\u00e4ge mit vollem Vertrauen und Verst\u00e4ndnis nutzen k\u00f6nnen.    <\/p>\n\n<h2 class=\"wp-block-heading\" id=\"h-bluehost-blog-vision-nbsp\"><strong>Bluehost Blog Vision<\/strong> <\/h2>\n\n<p>Eine digitale Welt, in der jeder Einzelne und jedes Unternehmen selbstbewusst online agieren kann.  <\/p>\n\n<h2 class=\"wp-block-heading\" id=\"h-bluehost-blog-mission-nbsp\"><strong>Bluehost Blog Auftrag<\/strong> <\/h2>\n\n<p>Wir wollen allen Menschen eine starke, sichere und zuverl\u00e4ssige Online-Pr\u00e4senz erm\u00f6glichen.  <\/p>\n\n<p>Das Redaktionsteam von Bluehost hat es sich zur Aufgabe gemacht, pr\u00e4zise, umfassende und umsetzbare Inhalte f\u00fcr alle Nutzer bereitzustellen. Unsere redaktionellen Grunds\u00e4tze bestimmen die Art und Weise, wie wir unsere Dienstleistungen und die unserer Partner pr\u00e4sentieren, pr\u00fcfen und empfehlen.   <\/p>\n\n<p>Unser strenger Recherche- und Redaktionsprozess gew\u00e4hrleistet, dass wir nur die genauesten und aktuellsten Informationen bereitstellen. Wir legen Wert auf Erfahrungen und Perspektiven, die uns helfen, mit unseren Nutzern in Kontakt zu treten, ihre Fragen zu beantworten, sie zu inspirieren, zu motivieren und ihr Vertrauen zu gewinnen.   <\/p>\n\n<h2 class=\"wp-block-heading\" id=\"h-key-principles-nbsp\"><strong>Die wichtigsten Grunds\u00e4tze<\/strong> <\/h2>\n\n<p>Alle Nutzer verdienen einen umfassenden und genauen Einblick in <a href=\"https:\/\/www.bluehost.com\/hosting\/shared\">Webhosting<\/a>, <a href=\"https:\/\/www.bluehost.com\/domains\">Domainregistrierung<\/a>, <a href=\"https:\/\/www.bluehost.com\/wordpress\/wordpress-hosting\">WordPress-Website-Entwicklung<\/a> und <a href=\"https:\/\/www.bluehost.com\/solutions\/digital-marketing\">digitale Marketing-Dienstleistungen<\/a>.  <\/p>\n\n<p>Unsere Inhalte unterst\u00fctzen die digitale Inklusion und zielen darauf ab, jeden Nutzer f\u00fcr den Online-Erfolg zu r\u00fcsten.  <\/p>\n\n<p>Unsere Referenzen sind vielf\u00e4ltig und unbestreitbar vertrauensw\u00fcrdig. Wir st\u00fctzen uns auf Experten, die die sich entwickelnde WordPress-, eCommerce- und digitale Marketinglandschaft verstehen.   <\/p>\n\n<h2 class=\"wp-block-heading\" id=\"h-editorial-integrity-nbsp\"><strong>Redaktionelle Integrit\u00e4t<\/strong> <\/h2>\n\n<p>Bei Bluehost ist die redaktionelle Integrit\u00e4t das R\u00fcckgrat aller unserer Produkte. Wir wissen, wie wichtig es ist, im digitalen Zeitalter Vertrauen, Glaubw\u00fcrdigkeit und Authentizit\u00e4t zu bewahren, und wir verpflichten uns, diese Prinzipien in all unseren Inhalten zu wahren.   <\/p>\n\n<p>Unser Redaktionskollektiv, bestehend aus \u00fcber 10 engagierten Inhaltserstellern, Redakteuren und Analysten, ist der H\u00fcter dieser Integrit\u00e4t. Sie sind exklusiv f\u00fcr die Erstellung aller redaktionellen Inhalte verantwortlich. Dies deckt ein breites Spektrum ab, von Artikeln, Anleitungen und detaillierten Anleitungen bis hin zu den neuesten WordPress-Updates.    <\/p>\n\n<ul class=\"wp-block-list\">\n<li><strong>Transparenz<\/strong>: Wir legen Wert auf klare, transparente Inhalte. Ganz gleich, ob wir eine Dienstleistung bewerten oder eine technische Fertigkeit vermitteln, wir stellen sicher, dass unsere Leser den Prozess, die Quellen unserer Daten und Statistiken und alle m\u00f6glichen Verbindungen verstehen.   <\/li>\n\n\n\n<li><strong>Authentizit\u00e4t<\/strong>: Unser Team verfasst jeden Beitrag mit echtem Fachwissen und Erfahrungen aus erster Hand. Dadurch wird sichergestellt, dass das, was Sie lesen, nicht nur sachlich ist, sondern auch in realen Szenarien anwendbar ist.   <\/li>\n\n\n\n<li><strong>Kontinuierliche Verbesserung<\/strong>: Die digitale Landschaft entwickelt sich st\u00e4ndig weiter, und das gilt auch f\u00fcr unsere Inhalte. Wir \u00fcberpr\u00fcfen unsere ver\u00f6ffentlichten Arbeiten regelm\u00e4\u00dfig, um sicherzustellen, dass sie aktuell und relevant sind und den neuesten Branchenstandards und bew\u00e4hrten Verfahren entsprechen.   <\/li>\n<\/ul>\n\n<p>Durch die Einhaltung dieser Grunds\u00e4tze wollen wir Inhalte bereitstellen, die nicht nur informativ, sondern auch vertrauensw\u00fcrdig sind und es unseren Lesern erm\u00f6glichen, gut informierte Entscheidungen bei ihren Online-Aktivit\u00e4ten zu treffen.  <\/p>\n\n<h2 class=\"wp-block-heading\" id=\"h-use-of-advanced-technologies-nbsp\"><strong>Einsatz fortschrittlicher Technologien<\/strong> <\/h2>\n\n<p>Bei Bluehost haben wir das enorme Potenzial der K\u00fcnstlichen Intelligenz (KI) und ihrer M\u00f6glichkeiten erkannt. Wir nutzen KI-Tools und -Technologien, um die Forschung und die Entwicklung von Inhalten zu unterst\u00fctzen und so sicherzustellen, dass wir an der Spitze der neuesten Fortschritte im digitalen Bereich stehen.   <\/p>\n\n<p>F\u00fcr uns ist es jedoch von entscheidender Bedeutung, dass die von uns bereitgestellten Inhalte ein hohes Ma\u00df an manueller Kontrolle beibehalten. Jede Information, die durch KI unterst\u00fctzt wird, wird von unserem erfahrenen Redaktionsteam manuell \u00fcberpr\u00fcft und bearbeitet. Dadurch wird sichergestellt, dass wir zwar von der Geschwindigkeit und den Datenverarbeitungsfunktionen der KI profitieren, die Genauigkeit, Authentizit\u00e4t und Wiedererkennbarkeit unserer Inhalte jedoch weiterhin im Vordergrund stehen.    <\/p>\n\n<h2 class=\"wp-block-heading\" id=\"h-fact-checking-and-corrections-nbsp\"><strong>Fakten\u00fcberpr\u00fcfung und Korrekturen<\/strong> <\/h2>\n\n<p>Unsere redaktionellen Inhalte werden einem gr\u00fcndlichen Faktencheck unterzogen, um ihre Genauigkeit, Aktualit\u00e4t und Relevanz zu gew\u00e4hrleisten. Wir stellen sicher, dass die Informationen in jedem Beitrag zum Zeitpunkt der Ver\u00f6ffentlichung auf dem neuesten Stand sind.   <\/p>\n\n<p>Jeder Inhalt wird von Autoren, Redakteuren und Korrekturlesern genauestens gepr\u00fcft.  <\/p>\n\n<p>Unsere Autoren st\u00fctzen sich auf Prim\u00e4r- und glaubw\u00fcrdige Sekund\u00e4rquellen, darunter Experteninterviews, offizielle Web- und Tech-Repositories, Datens\u00e4tze und Dokumente, um sicherzustellen, dass unsere Inhalte klar, umfassend und aktuell sind.<\/p>\n","protected":false},"excerpt":{"rendered":"<p>Blog-Redaktionsrichtlinien Bei Bluehost steht Ihre Online-Pr\u00e4senz an erster Stelle. Deshalb sind wir transparent, was unsere Produkte und Dienstleistungen angeht, und halten uns an redaktionelle Richtlinien, die Integrit\u00e4t gew\u00e4hrleisten. Wir tun dies, um sicherzustellen, dass Sie unsere Tools, Dienstleistungen und Ratschl\u00e4ge mit vollem Vertrauen und Verst\u00e4ndnis nutzen k\u00f6nnen. Bluehost Blog Vision Eine digitale Welt, in der [&hellip;]<\/p>\n","protected":false},"author":155,"featured_media":241993,"parent":0,"menu_order":0,"comment_status":"closed","ping_status":"closed","template":"page-no-title","meta":{"_acf_changed":false,"_yoast_wpseo_title":"Bluehost Blog Redaktionsrichtlinien","_yoast_wpseo_metadesc":"","inline_featured_image":false,"footnotes":""},"ppma_author":[1572],"class_list":["post-152226","page","type-page","status-publish","has-post-thumbnail","hentry"],"acf":[],"yoast_head":"<!-- This site is optimized with the Yoast SEO Premium plugin v27.1 (Yoast SEO v27.1.1) - https:\/\/yoast.com\/product\/yoast-seo-premium-wordpress\/ -->\n<title>Bluehost Blog Redaktionsrichtlinien<\/title>\n<meta name=\"robots\" content=\"index, follow, max-snippet:-1, max-image-preview:large, max-video-preview:-1\" \/>\n<link rel=\"canonical\" href=\"https:\/\/www.bluehost.com\/blog\/de\/wp-json\/wp\/v2\/pages\/152226\/\" \/>\n<meta property=\"og:locale\" content=\"de_DE\" \/>\n<meta property=\"og:type\" content=\"article\" \/>\n<meta property=\"og:title\" content=\"Blog-Redaktionsrichtlinien\" \/>\n<meta property=\"og:description\" content=\"Blog-Redaktionsrichtlinien Bei Bluehost steht Ihre Online-Pr\u00e4senz an erster Stelle. Deshalb sind wir transparent, was unsere Produkte und Dienstleistungen angeht, und halten uns an redaktionelle Richtlinien, die Integrit\u00e4t gew\u00e4hrleisten. Wir tun dies, um sicherzustellen, dass Sie unsere Tools, Dienstleistungen und Ratschl\u00e4ge mit vollem Vertrauen und Verst\u00e4ndnis nutzen k\u00f6nnen. Bluehost Blog Vision Eine digitale Welt, in der [&hellip;]\" \/>\n<meta property=\"og:url\" content=\"https:\/\/www.bluehost.com\/blog\/de\/blog-redaktionsrichtlinien\/\" \/>\n<meta property=\"og:site_name\" content=\"Bluehost Blog\" \/>\n<meta property=\"article:publisher\" content=\"https:\/\/www.facebook.com\/bluehost\/\" \/>\n<meta property=\"og:image\" content=\"https:\/\/www.bluehost.com\/blog\/wp-content\/uploads\/2024\/01\/wondersuite-1.png\" \/>\n\t<meta property=\"og:image:width\" content=\"1199\" \/>\n\t<meta property=\"og:image:height\" content=\"618\" \/>\n\t<meta property=\"og:image:type\" content=\"image\/png\" \/>\n<meta name=\"twitter:card\" content=\"summary_large_image\" \/>\n<meta name=\"twitter:site\" content=\"@bluehost\" \/>\n<meta name=\"twitter:label1\" content=\"Gesch\u00e4tzte Lesezeit\" \/>\n\t<meta name=\"twitter:data1\" content=\"3\u00a0Minuten\" \/>\n<script type=\"application\/ld+json\" class=\"yoast-schema-graph\">{\"@context\":\"https:\/\/schema.org\",\"@graph\":[{\"@type\":\"WebPage\",\"@id\":\"https:\/\/www.bluehost.com\/blog\/de\/blog-redaktionsrichtlinien\/\",\"url\":\"https:\/\/www.bluehost.com\/blog\/de\/blog-redaktionsrichtlinien\/\",\"name\":\"Bluehost Blog Redaktionsrichtlinien\",\"isPartOf\":{\"@id\":\"https:\/\/www.bluehost.com\/blog\/de\/#website\"},\"primaryImageOfPage\":{\"@id\":\"https:\/\/www.bluehost.com\/blog\/de\/blog-redaktionsrichtlinien\/#primaryimage\"},\"image\":{\"@id\":\"https:\/\/www.bluehost.com\/blog\/de\/blog-redaktionsrichtlinien\/#primaryimage\"},\"thumbnailUrl\":\"https:\/\/www.bluehost.com\/blog\/wp-content\/uploads\/2025\/09\/generic-Image-bluehost-1.jpg\",\"datePublished\":\"2025-10-07T13:19:59+00:00\",\"breadcrumb\":{\"@id\":\"https:\/\/www.bluehost.com\/blog\/de\/blog-redaktionsrichtlinien\/#breadcrumb\"},\"inLanguage\":\"de\",\"potentialAction\":[{\"@type\":\"ReadAction\",\"target\":[\"https:\/\/www.bluehost.com\/blog\/de\/blog-redaktionsrichtlinien\/\"]}]},{\"@type\":\"ImageObject\",\"inLanguage\":\"de\",\"@id\":\"https:\/\/www.bluehost.com\/blog\/de\/blog-redaktionsrichtlinien\/#primaryimage\",\"url\":\"https:\/\/www.bluehost.com\/blog\/wp-content\/uploads\/2025\/09\/generic-Image-bluehost-1.jpg\",\"contentUrl\":\"https:\/\/www.bluehost.com\/blog\/wp-content\/uploads\/2025\/09\/generic-Image-bluehost-1.jpg\",\"width\":800,\"height\":450,\"caption\":\"Bluehost Blog Editorial Guidelines\"},{\"@type\":\"BreadcrumbList\",\"@id\":\"https:\/\/www.bluehost.com\/blog\/de\/blog-redaktionsrichtlinien\/#breadcrumb\",\"itemListElement\":[{\"@type\":\"ListItem\",\"position\":1,\"name\":\"Home\",\"item\":\"https:\/\/www.bluehost.com\/de-de\/blog\/\"},{\"@type\":\"ListItem\",\"position\":2,\"name\":\"Blog-Redaktionsrichtlinien\"}]},{\"@type\":\"WebSite\",\"@id\":\"https:\/\/www.bluehost.com\/blog\/de\/#website\",\"url\":\"https:\/\/www.bluehost.com\/blog\/de\/\",\"name\":\"Bluehost\",\"description\":\"\",\"publisher\":{\"@id\":\"https:\/\/www.bluehost.com\/blog\/de\/#organization\"},\"potentialAction\":[{\"@type\":\"SearchAction\",\"target\":{\"@type\":\"EntryPoint\",\"urlTemplate\":\"https:\/\/www.bluehost.com\/blog\/de\/?s={search_term_string}\"},\"query-input\":{\"@type\":\"PropertyValueSpecification\",\"valueRequired\":true,\"valueName\":\"search_term_string\"}}],\"inLanguage\":\"de\"},{\"@type\":\"Organization\",\"@id\":\"https:\/\/www.bluehost.com\/blog\/de\/#organization\",\"name\":\"Bluehost\",\"url\":\"https:\/\/www.bluehost.com\/blog\/de\/\",\"logo\":{\"@type\":\"ImageObject\",\"inLanguage\":\"de\",\"@id\":\"https:\/\/www.bluehost.com\/blog\/de\/#\/schema\/logo\/image\/\",\"url\":\"https:\/\/www.bluehost.com\/blog\/wp-content\/uploads\/2023\/08\/bluehost-logo.svg\",\"contentUrl\":\"https:\/\/www.bluehost.com\/blog\/wp-content\/uploads\/2023\/08\/bluehost-logo.svg\",\"width\":136,\"height\":24,\"caption\":\"Bluehost\"},\"image\":{\"@id\":\"https:\/\/www.bluehost.com\/blog\/de\/#\/schema\/logo\/image\/\"},\"sameAs\":[\"https:\/\/www.facebook.com\/bluehost\/\",\"https:\/\/x.com\/bluehost\",\"https:\/\/www.linkedin.com\/company\/bluehost-com\/\",\"https:\/\/www.youtube.com\/user\/bluehost\",\"https:\/\/en.wikipedia.org\/wiki\/Bluehost\"],\"description\":\"Bluehost is a leading web hosting provider empowering millions of websites worldwide. \\u2028Discover how Bluehost's expertise, reliability, and innovation can help you achieve your online goals.\",\"telephone\":\"+1-888-401-4678\"}]}<\/script>\n<!-- \/ Yoast SEO Premium plugin. -->","yoast_head_json":{"title":"Bluehost Blog Redaktionsrichtlinien","robots":{"index":"index","follow":"follow","max-snippet":"max-snippet:-1","max-image-preview":"max-image-preview:large","max-video-preview":"max-video-preview:-1"},"canonical":"https:\/\/www.bluehost.com\/blog\/de\/wp-json\/wp\/v2\/pages\/152226\/","og_locale":"de_DE","og_type":"article","og_title":"Blog-Redaktionsrichtlinien","og_description":"Blog-Redaktionsrichtlinien Bei Bluehost steht Ihre Online-Pr\u00e4senz an erster Stelle. Deshalb sind wir transparent, was unsere Produkte und Dienstleistungen angeht, und halten uns an redaktionelle Richtlinien, die Integrit\u00e4t gew\u00e4hrleisten. Wir tun dies, um sicherzustellen, dass Sie unsere Tools, Dienstleistungen und Ratschl\u00e4ge mit vollem Vertrauen und Verst\u00e4ndnis nutzen k\u00f6nnen. Bluehost Blog Vision Eine digitale Welt, in der [&hellip;]","og_url":"https:\/\/www.bluehost.com\/blog\/de\/blog-redaktionsrichtlinien\/","og_site_name":"Bluehost Blog","article_publisher":"https:\/\/www.facebook.com\/bluehost\/","og_image":[{"width":1199,"height":618,"url":"https:\/\/www.bluehost.com\/blog\/wp-content\/uploads\/2024\/01\/wondersuite-1.png","type":"image\/png"}],"twitter_card":"summary_large_image","twitter_site":"@bluehost","twitter_misc":{"Gesch\u00e4tzte Lesezeit":"3\u00a0Minuten"},"schema":{"@context":"https:\/\/schema.org","@graph":[{"@type":"WebPage","@id":"https:\/\/www.bluehost.com\/blog\/de\/blog-redaktionsrichtlinien\/","url":"https:\/\/www.bluehost.com\/blog\/de\/blog-redaktionsrichtlinien\/","name":"Bluehost Blog Redaktionsrichtlinien","isPartOf":{"@id":"https:\/\/www.bluehost.com\/blog\/de\/#website"},"primaryImageOfPage":{"@id":"https:\/\/www.bluehost.com\/blog\/de\/blog-redaktionsrichtlinien\/#primaryimage"},"image":{"@id":"https:\/\/www.bluehost.com\/blog\/de\/blog-redaktionsrichtlinien\/#primaryimage"},"thumbnailUrl":"https:\/\/www.bluehost.com\/blog\/wp-content\/uploads\/2025\/09\/generic-Image-bluehost-1.jpg","datePublished":"2025-10-07T13:19:59+00:00","breadcrumb":{"@id":"https:\/\/www.bluehost.com\/blog\/de\/blog-redaktionsrichtlinien\/#breadcrumb"},"inLanguage":"de","potentialAction":[{"@type":"ReadAction","target":["https:\/\/www.bluehost.com\/blog\/de\/blog-redaktionsrichtlinien\/"]}]},{"@type":"ImageObject","inLanguage":"de","@id":"https:\/\/www.bluehost.com\/blog\/de\/blog-redaktionsrichtlinien\/#primaryimage","url":"https:\/\/www.bluehost.com\/blog\/wp-content\/uploads\/2025\/09\/generic-Image-bluehost-1.jpg","contentUrl":"https:\/\/www.bluehost.com\/blog\/wp-content\/uploads\/2025\/09\/generic-Image-bluehost-1.jpg","width":800,"height":450,"caption":"Bluehost Blog Editorial Guidelines"},{"@type":"BreadcrumbList","@id":"https:\/\/www.bluehost.com\/blog\/de\/blog-redaktionsrichtlinien\/#breadcrumb","itemListElement":[{"@type":"ListItem","position":1,"name":"Home","item":"https:\/\/www.bluehost.com\/de-de\/blog\/"},{"@type":"ListItem","position":2,"name":"Blog-Redaktionsrichtlinien"}]},{"@type":"WebSite","@id":"https:\/\/www.bluehost.com\/blog\/de\/#website","url":"https:\/\/www.bluehost.com\/blog\/de\/","name":"Bluehost","description":"","publisher":{"@id":"https:\/\/www.bluehost.com\/blog\/de\/#organization"},"potentialAction":[{"@type":"SearchAction","target":{"@type":"EntryPoint","urlTemplate":"https:\/\/www.bluehost.com\/blog\/de\/?s={search_term_string}"},"query-input":{"@type":"PropertyValueSpecification","valueRequired":true,"valueName":"search_term_string"}}],"inLanguage":"de"},{"@type":"Organization","@id":"https:\/\/www.bluehost.com\/blog\/de\/#organization","name":"Bluehost","url":"https:\/\/www.bluehost.com\/blog\/de\/","logo":{"@type":"ImageObject","inLanguage":"de","@id":"https:\/\/www.bluehost.com\/blog\/de\/#\/schema\/logo\/image\/","url":"https:\/\/www.bluehost.com\/blog\/wp-content\/uploads\/2023\/08\/bluehost-logo.svg","contentUrl":"https:\/\/www.bluehost.com\/blog\/wp-content\/uploads\/2023\/08\/bluehost-logo.svg","width":136,"height":24,"caption":"Bluehost"},"image":{"@id":"https:\/\/www.bluehost.com\/blog\/de\/#\/schema\/logo\/image\/"},"sameAs":["https:\/\/www.facebook.com\/bluehost\/","https:\/\/x.com\/bluehost","https:\/\/www.linkedin.com\/company\/bluehost-com\/","https:\/\/www.youtube.com\/user\/bluehost","https:\/\/en.wikipedia.org\/wiki\/Bluehost"],"description":"Bluehost is a leading web hosting provider empowering millions of websites worldwide. \u2028Discover how Bluehost's expertise, reliability, and innovation can help you achieve your online goals.","telephone":"+1-888-401-4678"}]}},"_links":{"self":[{"href":"https:\/\/www.bluehost.com\/blog\/de\/wp-json\/wp\/v2\/pages\/152226","targetHints":{"allow":["GET"]}}],"collection":[{"href":"https:\/\/www.bluehost.com\/blog\/de\/wp-json\/wp\/v2\/pages"}],"about":[{"href":"https:\/\/www.bluehost.com\/blog\/de\/wp-json\/wp\/v2\/types\/page"}],"author":[{"embeddable":true,"href":"https:\/\/www.bluehost.com\/blog\/de\/wp-json\/wp\/v2\/users\/155"}],"replies":[{"embeddable":true,"href":"https:\/\/www.bluehost.com\/blog\/de\/wp-json\/wp\/v2\/comments?post=152226"}],"version-history":[{"count":2,"href":"https:\/\/www.bluehost.com\/blog\/de\/wp-json\/wp\/v2\/pages\/152226\/revisions"}],"predecessor-version":[{"id":236025,"href":"https:\/\/www.bluehost.com\/blog\/de\/wp-json\/wp\/v2\/pages\/152226\/revisions\/236025"}],"wp:featuredmedia":[{"embeddable":true,"href":"https:\/\/www.bluehost.com\/blog\/de\/wp-json\/wp\/v2\/media\/241993"}],"wp:attachment":[{"href":"https:\/\/www.bluehost.com\/blog\/de\/wp-json\/wp\/v2\/media?parent=152226"}],"wp:term":[{"taxonomy":"author","embeddable":true,"href":"https:\/\/www.bluehost.com\/blog\/de\/wp-json\/wp\/v2\/ppma_author?post=152226"}],"curies":[{"name":"wp","href":"https:\/\/api.w.org\/{rel}","templated":true}]}}